79210 is divided by 119949?
689
Calculate the remainder when 3896808 is divided by 121772.
104
What is the remainder when 1501990 is divided by 749595?
2800
Calculate the remainder when 4848723 is divided by 1583.
1577
Calculate the remainder when 171440 is divided by 1482.
1010
What is the remainder when 9583410 is divided by 980?
970
What is the remainder when 888593 is divided by 1859?
1850
What is the remainder when 617089 is divided by 71?
28
Calculate the remainder when 3135355 is divided by 783834.
19
What is the remainder when 91076 is divided by 99?
95
Calculate the remainder when 38058 is divided by 1027.
59
What is the remainder when 3560582 is divided by 131873?
11
What is the remainder when 5177078 is divided by 3397?
50
Calculate the remainder when 8576 is divided by 7224.
1352
What is the remainder when 643268 is divided by 160764?
212
What is the remainder when 4413721 is divided by 14101?
108
Calculate the remainder when 2267785 is divided by 755715.
640
What is the remainder when 1451598 is divided by 725103?
1392
What is the remainder when 2782905 is divided by 3141?
3120
What is the remainder when 202286 is divided by 7488?
110
What is the remainder when 1048814 is divided by 4145?
129
Calculate the remainder when 144215 is divided by 142835.
1380
Calculate the remainder when 2723140 is divided by 76.
60
Calculate the remainder when 41437 is divided by 5098.
653
What is the remainder when 93920247 is divided by 46960123?
1
Calculate the remainder when 40872 is divided by 20223.
426
Calculate the remainder when 30109 is divided by 29641.
468
Calculate the remainder when 8413 is divided by 138.
133
Calculate the remainder when 22565925 is divided by 24.
21
Calculate the remainder when 41283 is divided by 1456.
515
What is the remainder when 1209155 is divided by 36?
23
Calculate the remainder when 2581108 is divided by 113.
75
What is the remainder when 12829687 is divided by 8?
7
What is the remainder when 8467563 is divided by 29?
27
Calculate the remainder when 18527 is divided by 542.
99
Calculate the remainder when 10606747 is divided by 707112.
67
What is the remainder when 1867005 is divided by 77?
63
What is the remainder when 1029475 is divided by 196?
83
What is the remainder when 11790093 is divided by 11790080?
13
What is the remainder when 2870010 is divided by 1434989?
32
Calculate the remainder when 1324218 is divided by 396.
390
What is the remainder when 30617481 is divided by 21?
6
What is the remainder when 85003153 is divided by 2451?
22
What is the remainder when 12141601 is divided by 242?
219
What is the remainder when 2196975 is divided by 732312?
39
What is the remainder when 12103123 is divided by 375?
373
What is the remainder when 458975 is divided by 1699?
245
Calculate the remainder when 6837504 is divided by 18993.
24
Calculate the remainder when 392124 is divided by 3040.
3004
Calculate the remainder when 416316 is divided by 1614.
1518
Calculate the remainder when 168045378 is divided by 7.
4
What is the remainder when 1015586 is divided by 1788?
2
Calculate the remainder when 20676 is divided by 3627.
2541
Calculate the remainder when 401437 is divided by 752.
621
What is the remainder when 22853 is divided by 11112?
629
Calculate the remainder when 2854470 is divided by 2895.
0
Calculate the remainder when 606789 is divided by 67416.
45
Calculate the remainder when 2594180 is divided by 864723.
11
What is the remainder when 260757 is divided by 86035?
2652
Calculate the remainder when 1357617 is divided by 17.
14
Calculate the remainder when 2157520 is divided by 683.
606
Calculate the remainder when 61412698 is divided by 5582972.
6
What is the remainder when 92068052 is divided by 27?
23
Calculate the remainder when 1627666 is divided by 859.
720
Calculate the remainder when 84944838 is divided by 66467.
12
Calculate the remainder when 105776 is divided by 1735.
1676
Calculate the remainder when 29986358 is divided by 30536.
6
Calculate the remainder when 352323 is divided by 188.
11
Calculate the remainder when 21629774 is divided by 1336.
1270
What is the remainder when 24856789 is divided by 6214197?
1
Calculate the remainder when 21660025 is divided by 1742.
1739
Calculate the remainder when 3264 is divided by 114.
72
What is the remainder when 2884817 is divided by 485?
37
What is the remainder when 49450346 is divided by 285?
281
What is the remainder when 24263 is divided by 2644?
467
What is the remainder when 2002199 is divided by 2478?
2453
What is the remainder when 405721 is divided by 7?
1
What is the remainder when 899343 is divided by 184?
135
What is the remainder when 4709003 is divided by 1352?
1339
Calculate the remainder when 3064549 is divided by 120.
109
Calculate the remainder when 6882497 is divided by 2294160.
17
What is the remainder when 6884111 is divided by 16?
15
What is the remainder when 52429282 is divided by 38?
36
Calculate the remainder when 32041272 is divided by 2060.
32
What is the remainder when 501468 is divided by 497?
492
What is the remainder when 20882691 is divided by 181?
178
What is the remainder when 286388 is divided by 95451?
35
Calculate the remainder when 338205 is divided by 336249.
1956
What is the remainder when 19921221 is divided by 48?
21
Calculate the remainder when 222610 is divided by 12711.
6523
What is the remainder when 6135541 is divided by 766941?
13
Calculate the remainder when 2234113 is divided by 159.
4
What is the remainder when 92005 is divided by 202?
95
Calculate the remainder when 101702 is divided by 863.
731
Calculate the remainder when 12292705 is divided by 701.
670
Calculate the remainder when 53297855 is divided by 37.
21
Calculate the remainder when 123945 is divided by 735.
465
What is the remainder when 26547133 is divided by 12411?
4
What is the remainder when 436819 is divided by 12845?
89
What is the remainder when 1004054 is divided by 3906?
212
What is the remainder when 8387288 is divided by 6?
2
What is the remainder when 5159941 is divided by 1423?
143
What is the remainder when 206748 is divided by 11368?
2124
Calculate the remainder when 27412163 is divided by 117.
116
Calculate the remainder when 9533019 is divided by 114.
111
What is the remainder when 61335 is divided by 928?
87
What is the remainder when 1725045 is divided by 218?
11
Calculate the remainder when 5097329 is divided by 27.
26
What is the remainder when 1440419 is divided by 81?
77
Calculate the remainder when 168007326 is divided by 1639.
1631
Calculate the remainder when 248573 is divided by 649.
6
What is the remainder when 549836 is divided by 7744?
12
What is the remainder when 1173628 is divided by 710?
708
What is the remainder when 4058191 is divided by 1492?
1443
What is the remainder when 2536669 is divided by 6?
1
Calculate the remainder when 538954 is divided by 198.
196
Calculate the remainder when 330542 is divided by 47.
38
What is the remainder when 16072006 is divided by 16072001?
5
Calculate the remainder when 1035316 is divided by 11736.
2548
Calculate the remainder when 299922236 is divided by 671.
669
What is the remainder when 3133529 is divided by 20?
9
Calculate the remainder when 1628909 is divided by 125273.
360
Calculate the remainder when 5985993 is divided by 153487.
0
Calculate the remainder when 242467 is divided by 255.
217
What is the remainder when 1944805 is divided by 4666?
3749
Calculate the remainder when 26307268 is divided by 99.
97
What is the remainder when 3655979 is divided by 4271?
3
Calculate the remainder when 122503876 is divided by 3573.
3571
What is the remainder when 56203 is divided by 2634?
889
Calculate the remainder when 6252908 is divided by 2230.
2218
What is the remainder when 4981287 is divided by 146507?
49
What is the remainder when 3679204 is divided by 707?
683
Calculate the remainder when 14972933 is divided by 4990972.
17
Calculate the remainder when 753117 is divided by 1929.
807
Calculate the remainder when 2554837 is divided by 425806.
1
Calculate the remainder when 32769 is divided by 36.
9
Calculate the remainder when 118993774 is divided by 66.
64
Calculate the remainder when 3701380 is divided by 234.
202
What is the remainder when 157200 is divided by 